{"id":41,"date":"2022-02-23T16:35:31","date_gmt":"2022-02-23T15:35:31","guid":{"rendered":"https:\/\/streit-kultur.mohrsiebeck.com\/?page_id=41"},"modified":"2024-06-10T12:06:20","modified_gmt":"2024-06-10T10:06:20","slug":"impressum","status":"publish","type":"page","link":"https:\/\/streit-kultur.mohrsiebeck.com\/index.php\/impressum\/","title":{"rendered":"Impressum"},"content":{"rendered":"<section class=\"textblock \">\n\t<article class=\"\">\n\t\t<div>\n\t\t\t<h1>Impressum<\/h1>\n<p>Die inhaltliche Betreuung jeder Ausgabe von <em>Streit<\/em>-Kultur wird von je zwei der vier herausgebenden Professuren \u00fcbernommen. V. i. s. d. P.: Prof. Dr. Philipp David. F\u00fcr die Inhalte dieser Website sind die Herausgebenden verantwortlich. Wir danken dem Verlag Mohr Siebeck f\u00fcr die Bereitstellung des technischen Rahmens. S. auch den Disclaimer unter <a href=\"https:\/\/streit-kultur.mohrsiebeck.com\/index.php\/ueber-uns\/menuepunkt-4\/\">Redaktion \/ Rechtliche Hinweise<\/a>.<\/p>\n<section class=\"textblock \">\n<article class=\"\">\n<div>\n<p><em>Streit<\/em>-Kultur. Journal f\u00fcr Theologie.<br \/>\nISSN: 2940-9535.<br \/>\nProf. Dr. Philipp David (v. i. S. d. P.)<br \/>\nKarl-Gl\u00f6ckner Stra\u00dfe 21H<br \/>\n35394 Gie\u00dfen<br \/>\n<a href=\"mailto:sekr-sys@evtheologie.uni-giessen.de\">Sekr-Sys@evtheologie.uni-giessen.de<\/a><\/p>\n<\/div>\n<\/article>\n<\/section>\n<section class=\"anchor\">\n<article><\/article>\n<\/section>\n<p>&nbsp;<\/p>\n<p>&nbsp;<\/p>\n<p>&nbsp;<\/p>\n\t\t<\/div>\n\t<\/article>\n<\/section>\n","protected":false},"excerpt":{"rendered":"","protected":false},"author":2,"featured_media":0,"parent":0,"menu_order":0,"comment_status":"closed","ping_status":"closed","template":"","meta":{"_acf_changed":false,"footnotes":""},"class_list":["post-41","page","type-page","status-publish","hentry"],"acf":[],"_links":{"self":[{"href":"https:\/\/streit-kultur.mohrsiebeck.com\/index.php\/wp-json\/wp\/v2\/pages\/41","targetHints":{"allow":["GET"]}}],"collection":[{"href":"https:\/\/streit-kultur.mohrsiebeck.com\/index.php\/wp-json\/wp\/v2\/pages"}],"about":[{"href":"https:\/\/streit-kultur.mohrsiebeck.com\/index.php\/wp-json\/wp\/v2\/types\/page"}],"author":[{"embeddable":true,"href":"https:\/\/streit-kultur.mohrsiebeck.com\/index.php\/wp-json\/wp\/v2\/users\/2"}],"replies":[{"embeddable":true,"href":"https:\/\/streit-kultur.mohrsiebeck.com\/index.php\/wp-json\/wp\/v2\/comments?post=41"}],"version-history":[{"count":13,"href":"https:\/\/streit-kultur.mohrsiebeck.com\/index.php\/wp-json\/wp\/v2\/pages\/41\/revisions"}],"predecessor-version":[{"id":863,"href":"https:\/\/streit-kultur.mohrsiebeck.com\/index.php\/wp-json\/wp\/v2\/pages\/41\/revisions\/863"}],"wp:attachment":[{"href":"https:\/\/streit-kultur.mohrsiebeck.com\/index.php\/wp-json\/wp\/v2\/media?parent=41"}],"curies":[{"name":"wp","href":"https:\/\/api.w.org\/{rel}","templated":true}]}}