{"id":712,"date":"2024-03-25T11:35:37","date_gmt":"2024-03-25T10:35:37","guid":{"rendered":"https:\/\/streit-kultur.mohrsiebeck.com\/?page_id=712"},"modified":"2025-05-08T11:50:12","modified_gmt":"2025-05-08T09:50:12","slug":"archiv","status":"publish","type":"page","link":"https:\/\/streit-kultur.mohrsiebeck.com\/index.php\/archiv\/","title":{"rendered":"Archiv"},"content":{"rendered":"\t<section class=\"hero-image bg-lightblue\">\n  \t\t<article>\n  \t\t\t\t<div class=\"col-2\">\n            \t\t<h2>Archiv<\/h2>\n  \t\t\t\t<\/div>\n  \t\t\t\t<div class=\"col-2\">\n\t\t\t\t\t\t\t\t<\/div>\n      <\/article>\n  \t<\/section>\n\n\n\n<section class=\"submenu\">\n\t<article>\n\t\t<h2>Ausgaben<\/h2>\n\t\t <ul class=\"submenu-list\">\n\t\t\t\t\t\t   <li><a class=\"scroll\" href=\"#Heft 1 (2023) \u2013 Wer braucht Theologie?\">Heft 1 (2023) \u2013 Wer braucht Theologie?<\/a><\/li>\n\t\t \t\t\t\t   <li><a class=\"scroll\" href=\"#Heft 2 (2024) \u2013 Krisenzeiten. Welche Zukunft wollen wir?\">Heft 2 (2024) \u2013 Krisenzeiten. Welche Zukunft wollen wir?<\/a><\/li>\n\t\t \t\t <\/ul>\n\t<\/article>\n<\/section>\n\n\n<section class=\"textblock \">\n\t<article class=\"\">\n\t\t<div>\n\t\t\t<p>Hier finden Sie vergangene Ausgaben.<\/p>\n\t\t<\/div>\n\t<\/article>\n<\/section>\n\n\n<section class=\"anchor\">\n\t<article>\t\n\t\t<a id=\"Heft 1 (2023) \u2013 Wer braucht Theologie?\"  tabindex=\"-1\"><\/a>\n\t\t<h2>Heft 1 (2023) \u2013 Wer braucht Theologie?<\/h2>\n\t<\/article>\n<\/section>\n\n\n<section class=\"img-text-col-2\">\n<article>\n\t<div class=\"col-wrap right right-small \">\n\t\t<div class=\"col-2 \">\n            <img loading=\"lazy\" decoding=\"async\" width=\"2481\" height=\"3508\" src=\"https:\/\/streit-kultur.mohrsiebeck.com\/wp-content\/uploads\/2024\/06\/Cover-Front-Matter-Inhalt-SK1-seiten-1.jpg\" class=\"attachment-full size-full\" alt=\"\" \/>\t\t        <\/div>\n        <div class=\"col-2\">\n            <div class=\"text\">\n              <p>Die erste Ausgabe von <em>Streit-<\/em>Kultur fragt: Wer braucht Theologie? An der Universit\u00e4t, in der Kirche, in der \u00d6ffentlichkeit, im menschlichen Zusammenleben?<\/p>\n<p>&nbsp;<\/p>\n<p><a href=\"https:\/\/streit-kultur.mohrsiebeck.com\/wp-content\/uploads\/2024\/05\/Cover-Front-Matter-Inhalt-SK1.pdf\">Cover\/Front Matter\/Inhaltsverzeichnis<\/a><\/p>\n<p>&nbsp;<\/p>\n<p><strong>Zur Einf\u00fchrung<\/strong><\/p>\n<p>Philipp David, Anne K\u00e4fer, Malte Dominik Kr\u00fcger, Andr\u00e9 Munzinger, Christian Polke<br \/>\n<a href=\"https:\/\/streit-kultur.mohrsiebeck.com\/wp-content\/uploads\/2024\/05\/Streit-KULTUR_Eroeffnungseditorial_01.2023.pdf\">Er\u00f6ffnungseditorial<\/a><\/p>\n<p>Philipp David, Malte Dominik Kr\u00fcger<br \/>\n<a href=\"https:\/\/streit-kultur.mohrsiebeck.com\/wp-content\/uploads\/2024\/05\/Streit-KULTUR_Einfuehrung-Heftherausgeber_01.2023.pdf\">Einf\u00fchrung der Heftherausgeber<\/a><\/p>\n<p>&nbsp;<\/p>\n<p><strong>Streit-Frage<\/strong><\/p>\n<p>Ingolf U. Dalferth<br \/>\n<a href=\"https:\/\/streit-kultur.mohrsiebeck.com\/wp-content\/uploads\/2024\/05\/Streit-KULTUR_Dalferth_01.2023.pdf\">Wer braucht Theologie in der Gesellschaft?<\/a><\/p>\n<p>Christian Albrecht<br \/>\n<a href=\"https:\/\/streit-kultur.mohrsiebeck.com\/wp-content\/uploads\/2024\/05\/Streit-KULTUR_Albrecht_01.2023.pdf\">Wer braucht Theologie an der Universit\u00e4t?<\/a><\/p>\n<p>&nbsp;<\/p>\n<p><strong>Streit-Gespr\u00e4ch<\/strong><\/p>\n<p>Annette Kurschus, Christine Axt-Piscalar<br \/>\n<a href=\"https:\/\/streit-kultur.mohrsiebeck.com\/wp-content\/uploads\/2024\/05\/Streit-KULTUR_Axt-Piscalar_Kurschus_01.2023.pdf\">Wer braucht Theologie in der Kirche?<\/a><\/p>\n<p>&nbsp;<\/p>\n<p><strong>Streit-Punkt: Wer braucht \u00d6ffentliche Theologie?<\/strong><\/p>\n<p>Torsten Meireis<br \/>\n<a href=\"https:\/\/streit-kultur.mohrsiebeck.com\/wp-content\/uploads\/2024\/05\/Streit-KULTUR_Meireis_01.2023.pdf\">&#8222;Ist das Kunst oder kann das weg?&#8220; Zur Antwort auf die Frage: Wer braucht \u00d6ffentliche Theologie?<\/a><\/p>\n<p>Martin Fritz<br \/>\n<a href=\"https:\/\/streit-kultur.mohrsiebeck.com\/wp-content\/uploads\/2024\/05\/Streit-KULTUR_Fritz_01.2023.pdf\">Wer braucht \u00d6ffentliche Theologie?<\/a><\/p>\n<p>&nbsp;<\/p>\n<p><strong>Streit-Empfehlungen<\/strong><\/p>\n<p>Sabine Joy Ihben-Bahl<br \/>\n<a href=\"https:\/\/streit-kultur.mohrsiebeck.com\/wp-content\/uploads\/2024\/05\/Streit-KULTUR_Ihben-Bahl_01.2023.pdf\">Ulrich H. J. K\u00f6rtner, Reiner Anselm, Christian Albrecht (Hrsg.): Konzepte und R\u00e4ume \u00d6ffentlicher Theologie. Wissenschaft \u2013 Kirche \u2013 Diakonie<\/a><\/p>\n<p>Dietrich Korsch<br \/>\n<a href=\"https:\/\/streit-kultur.mohrsiebeck.com\/wp-content\/uploads\/2024\/05\/Streit-KULTUR_Korsch_01.2023.pdf\">Ingolf U. Dalferth: Die Krise der \u00f6ffentlichen Vernunft. \u00dcber Demokratie, Urteilskraft und Gott<\/a><\/p>\n<p>Georg Kalinna<br \/>\n<a href=\"https:\/\/streit-kultur.mohrsiebeck.com\/wp-content\/uploads\/2024\/05\/Streit-KULTUR_Kalinna_01.2023.pdf\">Tom Kleffmann: Kleine Summe der Theologie<\/a><\/p>\n<p>&nbsp;<\/p>\n<p><strong>Streit-Schrift: Kritischer Kommentar (Donum Superadditum)<\/strong><\/p>\n<p>Eilert Herms<br \/>\n<a href=\"https:\/\/streit-kultur.mohrsiebeck.com\/wp-content\/uploads\/2024\/05\/Streit-KULTUR_Herms_01.2023-2.pdf\">Moderne &#8222;liberale&#8220; Dogmatik statt veralteter &#8222;kirchlicher&#8220;: Zu Ulrich Barths kultur- bzw. religionswissenschaftlicher Dogmatik ohne Dogma<\/a><\/p>\n            <\/div>\n\t\t\t        <\/div>\n    <\/div>\n  <\/article>\n<\/section>\n\n\n<section class=\"anchor\">\n\t<article>\t\n\t\t<a id=\"Heft 2 (2024) \u2013 Krisenzeiten. Welche Zukunft wollen wir?\"  tabindex=\"-1\"><\/a>\n\t\t<h2>Heft 2 (2024) \u2013 Krisenzeiten. Welche Zukunft wollen wir?<\/h2>\n\t<\/article>\n<\/section>\n\n\n<section class=\"img-text-col-2\">\n<article>\n\t<div class=\"col-wrap right right-small \">\n\t\t<div class=\"col-2 \">\n            <img loading=\"lazy\" decoding=\"async\" width=\"683\" height=\"1063\" src=\"https:\/\/streit-kultur.mohrsiebeck.com\/wp-content\/uploads\/2024\/06\/Streit-Kultur_Cover__Seite_1.png\" class=\"attachment-full size-full\" alt=\"\" \/>\t\t        <\/div>\n        <div class=\"col-2\">\n            <div class=\"text\">\n              <p>Die zweite Ausgabe von\u00a0<em>Streit-<\/em>Kultur fragt: Welche Zukunft wollen wir?<\/p>\n<p>&nbsp;<\/p>\n<p><a href=\"https:\/\/streit-kultur.mohrsiebeck.com\/wp-content\/uploads\/2024\/06\/Streit-Kultur-2-komplett.pdf\"><em>Streit<\/em>-Kultur Ausgabe 2 als Gesamtdatei<\/a><\/p>\n<p>&nbsp;<\/p>\n<p><a href=\"https:\/\/streit-kultur.mohrsiebeck.com\/wp-content\/uploads\/2024\/06\/SK2_-Front-Matter-Inhaltsverzeichnis-komprimiert.pdf\">Front Matter\/Inhaltsverzeichnis<\/a><\/p>\n<p>&nbsp;<\/p>\n<p>Anne K\u00e4fer und Andr\u00e9 Munzinger<br \/>\n<a href=\"https:\/\/streit-kultur.mohrsiebeck.com\/wp-content\/uploads\/2024\/06\/SK2_Einleitung.pdf\">Krisenzeiten. Welche Zukunft wollen wir?<\/a><\/p>\n<p>&nbsp;<\/p>\n<p><strong>Streitfragen<\/strong><\/p>\n<p>Asmaa El Maaroufi<br \/>\n<a href=\"https:\/\/streit-kultur.mohrsiebeck.com\/wp-content\/uploads\/2024\/06\/SK2_El-Maaroufi.pdf\">Von Hochmut bis Demut. Zukunftswerte<\/a><\/p>\n<p>Jayne Svenungsson<br \/>\n<a href=\"https:\/\/streit-kultur.mohrsiebeck.com\/wp-content\/uploads\/2024\/06\/SK2_Svenungsson.pdf\">From Apocalyptic Demonization to Theological Responsibility<\/a><\/p>\n<p>Christine Helmer<br \/>\n<a href=\"https:\/\/streit-kultur.mohrsiebeck.com\/wp-content\/uploads\/2024\/06\/SK2_Helmer.pdf\">From Polycrisis to Christology<\/a><\/p>\n<p>Uwe Schneidewind<br \/>\n<a href=\"https:\/\/streit-kultur.mohrsiebeck.com\/wp-content\/uploads\/2024\/06\/SK2_Schneidewind.pdf\">Festgefahrenes Freiheitsverst\u00e4ndnis<\/a><\/p>\n<p>Felix Heidenreich<br \/>\n<a href=\"https:\/\/streit-kultur.mohrsiebeck.com\/wp-content\/uploads\/2024\/06\/SK2_Heidenreich.pdf\">Gepflanzte Apfelb\u00e4umchen \u2013 Protestantismus und Klimawandel<\/a><\/p>\n<p>&nbsp;<\/p>\n<p><strong>Streitgespr\u00e4ch<\/strong><\/p>\n<p>Kann Demokratie Nachhaltigkeit?<br \/>\n<a href=\"https:\/\/streit-kultur.mohrsiebeck.com\/wp-content\/uploads\/2024\/06\/SK2_Streitgespra%CC%88ch.pdf\">Im Gespr\u00e4ch mit Hedwig Richter und Wolfgang Sch\u00e4uble (\u2020)<\/a><\/p>\n<p>&nbsp;<\/p>\n<p><strong>Streitbare Thesen<\/strong><\/p>\n<p>Franz Josef Radermacher<br \/>\n<a href=\"https:\/\/streit-kultur.mohrsiebeck.com\/wp-content\/uploads\/2024\/06\/SK2_Radermacher.pdf\">Die Heuchelei des Nordens<\/a><\/p>\n<p>Markus Vogt<br \/>\n<a href=\"https:\/\/streit-kultur.mohrsiebeck.com\/wp-content\/uploads\/2024\/06\/SK2_Vogt.pdf\">Umweltethische Streitkultur<\/a><\/p>\n<p>&nbsp;<\/p>\n<p><strong>Buchempfehlungen<\/strong><\/p>\n<p>Johanna Baumann<br \/>\n<a href=\"https:\/\/streit-kultur.mohrsiebeck.com\/wp-content\/uploads\/2024\/06\/SK2_Baumann.pdf\">Auszug aus Eden<\/a><\/p>\n<p>Armin Frey<br \/>\n<a href=\"https:\/\/streit-kultur.mohrsiebeck.com\/wp-content\/uploads\/2024\/06\/SK2_Frey.pdf\">Recht auf Zukunft<\/a><\/p>\n            <\/div>\n\t\t\t        <\/div>\n    <\/div>\n  <\/article>\n<\/section>\n","protected":false},"excerpt":{"rendered":"","protected":false},"author":2,"featured_media":0,"parent":0,"menu_order":0,"comment_status":"closed","ping_status":"closed","template":"","meta":{"_acf_changed":false,"footnotes":""},"class_list":["post-712","page","type-page","status-publish","hentry"],"acf":[],"_links":{"self":[{"href":"https:\/\/streit-kultur.mohrsiebeck.com\/index.php\/wp-json\/wp\/v2\/pages\/712","targetHints":{"allow":["GET"]}}],"collection":[{"href":"https:\/\/streit-kultur.mohrsiebeck.com\/index.php\/wp-json\/wp\/v2\/pages"}],"about":[{"href":"https:\/\/streit-kultur.mohrsiebeck.com\/index.php\/wp-json\/wp\/v2\/types\/page"}],"author":[{"embeddable":true,"href":"https:\/\/streit-kultur.mohrsiebeck.com\/index.php\/wp-json\/wp\/v2\/users\/2"}],"replies":[{"embeddable":true,"href":"https:\/\/streit-kultur.mohrsiebeck.com\/index.php\/wp-json\/wp\/v2\/comments?post=712"}],"version-history":[{"count":30,"href":"https:\/\/streit-kultur.mohrsiebeck.com\/index.php\/wp-json\/wp\/v2\/pages\/712\/revisions"}],"predecessor-version":[{"id":1047,"href":"https:\/\/streit-kultur.mohrsiebeck.com\/index.php\/wp-json\/wp\/v2\/pages\/712\/revisions\/1047"}],"wp:attachment":[{"href":"https:\/\/streit-kultur.mohrsiebeck.com\/index.php\/wp-json\/wp\/v2\/media?parent=712"}],"curies":[{"name":"wp","href":"https:\/\/api.w.org\/{rel}","templated":true}]}}